 - 42 = -y*o. What are the prime factors of g?
19
Suppose 0 = -3*x + 4*x - 3. Suppose 2*u - u = 3*a + 17, -5*u - 4*a = 10. Suppose i = -x*i, -3*l - u*i = -30. What are the prime factors of l?
2, 5
What are the prime factors of (27/3)/3 + 125?
2
Suppose 0 = -4*x - 8, -33 = -2*r + 2*x - 1. Let f be (-4)/r - 37/(-7). Suppose 4*c - f*q - 25 = 0, -2*c = -2*q + 4*q - 8. List the prime factors of c.
5
Suppose -4*s = 2*v + 2, 5*v + s - 5*s = 23. Suppose -9 = -5*d + 2*y + 42, -4*d - v*y + 27 = 0. List the prime factors of d.
3
Suppose -2*h = -2*i + 234, 4*h + 240 = 2*i + 8*h. What are the prime factors of i?
2, 59
Let o(d) = 4*d**2 - 2*d + 1. Let w be o(1). Let v = -1 + w. Suppose -h - 2*r - r + 21 = 0, 2*h + v = 5*r. What are the prime factors of h?
3
Let y(w) = -w**2 - w + 66. List the prime factors of y(0).
2, 3, 11
Let f(h) = h**3 + 3*h**2 - 4*h - 3. Let t be f(-4). List the prime factors of 9 + 1 + t + 4.
11
Suppose 0 = 3*n - 5*n + 368. What are the prime factors of n?
2, 23
Let b(v) = v**3 + 7*v**2 + 5*v - 4. Suppose 3*f - 30 = 4*r, 5*r - f - 9 = -41. What are the prime factors of b(r)?
2
Let n = -6 - -11. Suppose 46 = n*p - 54. List the prime factors of p.
2, 5
Let f(p) = p**2 + p - 1. Suppose -u + 5 = 4*b, -b + 2*u = -2*u + 3. Let k be f(b). List the prime factors of (-1 - 1)*(-4 - k).
2, 5
What are the prime factors of 3/(-18)*-3*356/1?
2, 89
Let j = 69 + -57. List the prime factors of j.
2, 3
Suppose 0 = 6*t - 2*t - 12. What are the prime factors of t?
3
Let x(b) = 5*b**2 + 6. What are the prime factors of x(-5)?
131
Suppose -4*w - w + 115 = 0. Suppose -3*g = -5 + w. What are the prime factors of 4/(g/(-9) - 0)?
2, 3
Let g = -6 + 3. Let y(i) = i**2 - 3*i - 2. Let v be y(g). Suppose q = -u + 3, 49 - v = 4*q - 3*u. What are the prime factors of q?
2, 3
Let a = 100 + -69. What are the prime factors of a?
31
Let q(h) = -h + 1. Suppose -4*o + 23 - 231 = 0. Let f be o/6 - (-2)/3. What are the prime factors of q(f)?
3
Let b(d) = 26*d**2 + 2*d + 1. What are the prime factors of b(-1)?
5
Let a(q) = -2*q - 2. Let w be a(-3). Suppose 4*p + 6*j - 44 = 2*j, -w*j = p - 11. Let d = p - 5. What are the prime factors of d?
2, 3
Let j(c) = -c**3 + 5*c**2 - 1. Suppose -3*h = -8*h + 30. Suppose -4*k = 4*s + 4, -4*k + h*k + 4*s = -12. List the prime factors of j(k).
3, 5
Suppose u - 6 = -u. Suppose w + 2 = m + 8, -28 = -5*w + u*m. Suppose 28 = c + w*r, -3*c - c - 5*r + 52 = 0. List the prime factors of c.
2
Let v(u) = -5*u + 2. Let w(a) = -2*a**3 + a**2 - a. Let t be w(1). List the prime factors of v(t).
2, 3
List the prime factors of -2 + (-4 - (-4 - 72)).
2, 5, 7
Let w(m) = -m + 7. Let y be w(3). Let h be 2/8 + 15/y. List the prime factors of (h - 1)*51/9.
17
Let s be (-3)/((3 - 2)/29). What are the prime factors of s/(-6) - 2/4?
2, 7
Let g be (-1)/(((-4)/(-10))/(-2)). Suppose z - 5*n = 2*z, g*z = -2*n + 115. Suppose 4*x - z = -x. List the prime factors of x.
5
Let d(z) = -z**2 - z + 5. Let h be d(0). Let q be h/(-3) + 3/(-9). What are the prime factors of 0/1 - 8/q?
2
Let p = -11 + 13. Suppose -30 = -p*z + 36. List the prime factors of z.
3, 11
Let l = -110 - -231. What are the prime factors of l?
11
Let j(v) = -v**3 - 4*v**2 - 3*v. Let s be j(-3). Suppose 5*g + 5 - 25 = s. List the prime factors of g.
2
Suppose 2*v + 1 = 5. Suppose v*z - z = 8. Let b = z + 0. What are the prime factors of b?
2
List the prime factors of 60/(-8)*-2 + -2.
13
Suppose -5*m = 26 - 311. Suppose 0 = -2*j - 5*t + m, 3*t - 8*t + 15 = 0. What are the prime factors of j?
3, 7
List the prime factors of 8/(-4) - 1/((-2)/38).
17
Let j(y) = -y**2 + 6*y - 5. Let f be j(4). Suppose -3*x = -x, 5*x + 24 = -f*p. What are the prime factors of 22/8 - 2/p?
3
Suppose 0 + 54 = h. List the prime factors of h.
2, 3
List the prime factors of (8/(-6))/((-2)/213) - -2.
2, 3
Suppose -128 = -5*w - 4*l, -l = l + 6. Suppose -3*m + w = -80. Suppose -c + m = 2*c. List the prime factors of c.
2, 3
Let d(c) be the third derivative of c**6/120 - 7*c**5/60 + c**4/12 + c**3/2 - c**2. List the prime factors of d(7).
17
Let w = 1 + 5. Let s be (3/w)/((-2)/4). List the prime factors of (s - -31)*(-4)/(-10).
2, 3
Suppose -n + 0*n + 2 = 0. Let l(h) = -h + h**n - 3*h + 0*h. List the prime factors of l(5).
5
Suppose 5*l = 11 + 4. Suppose 7*h - l*t = 2*h, 0 = -h - 2*t. Suppose -m = -h*m - 12. What are the prime factors of m?
2, 3
Suppose 4*n - 8*n + 16 = 0. Suppose -6 = -2*y + n. List the prime factors of y.
5
Suppose 0 = -3*w + 22 + 152. Suppose 3*j - w = -22. List the prime factors of j.
2, 3
Suppose 4*q = 7 + 21. Suppose 0 = -q*b + 3*b + 112. List the prime factors of b.
2, 7
Suppose -135 = -i - 3*t, -2*i = i + 5*t - 421. What are the prime factors of i?
3, 7
Let s(j) = 7*j + 13. Let u(n) = n - 1. Let x(z) = s(z) - 6*u(z). What are the prime factors of x(0)?
19
Let o(v) = -v**3 - 8*v**2 + 12*v + 12. Let d be o(-9). What are the prime factors of (40/(-6))/(5/d)?
2, 5
Let d(g) = 15*g**2 + 1. What are the prime factors of d(-1)?
2
List the prime factors of 15 - (5 - 3 - 5).
2, 3
Let z be (-55)/15*(1 - -2). Let o = z + 24. What are the prime factors of o?
13
Let t(y) = -y**2 + 6*y. Let v be -2 - -1 - 1 - -5. Let g be (1/v)/((-1)/(-12)). List the prime factors of t(g).
2
Suppose 11*s - 10 = 6*s. What are the prime factors of s*(2 - (-66)/4)?
37
Suppose 0 = -25*o + 26*o - 159. List the prime factors of o.
3, 53
Suppose 0 = -2*c - 2*p - 0*p + 86, 0 = 4*c - 2*p - 190. Let f = c - 26. List the prime factors of f.
2, 5
Let n be (-34)/(-12) - (-4)/24. What are the prime factors of (-26)/(-39) + 91/n?
31
Let y = 54 + -33. Suppose -3*t = -0*t - y. Let l = t + 4. What are the prime factors of l?
11
Suppose 3*s + 3*h = 8*h + 285, 435 = 5*s + 5*h. What are the prime factors of s?
2, 3, 5
Suppose 5*n + j = 40, 5 = 2*n + 5*j + 12. Let o(p) = -p**2 + 9*p - 3. Let r be o(n). List the prime factors of (-30)/(-4)*(-4)/r.
2, 5
Suppose 5 = -3*b - 7. Suppose -56 = 4*j + 2*k, 14 = -j - k - 4*k. Let i = b - j. List the prime factors of i.
2, 5
Let b(o) = 3*o**2 - 4*o - 5. List the prime factors of b(6).
79
Let h(x) = -2*x**2 + 9*x - 4. Let v be h(6). Let l(t) = -12*t**2 - t + 1. Let b be l(1). Let p = b - v. What are the prime factors of p?
2, 5
Let l be ((-6)/(-2))/(1/(-11)). Let i = l - -47. What are the prime factors of i?
2, 7
Let a(d) = -d - 8. Let b be a(-11). Suppose -s + 45 = 5*v, 4*v - b*s - 25 = 11. List the prime factors of v.
3
Let n = -1 + 3. Suppose -n*c + c = 0. Suppose -13 = -c*h - h. What are the prime factors of h?
13
Let i = -1 + 1. Let g be 0/(2/1) - -2. Suppose i = -0*n + g*n - 16. List the prime factors of n.
2
Let k(f) = 5*f**3 - 7*f**2 + 4*f + 11. Let r(w) = 3*w**3 - 3*w**2 + 2*w + 5. Let q(d) = 2*k(d) - 5*r(d). What are the prime factors of q(-2)?
3, 5
Suppose 6*k = 5*k + 133. What are the prime factors of k?
7, 19
Let b be 1 - (2 - 1) - -20. Suppose 3*l - s = -b, 5*l + 3*s = -2*s - 20. Let x(z) = z**2 + 5*z + 2. What are the prime factors of x(l)?
2
Suppose -5*o - t = -0*o - 19, -3*o + 5*t = 11. Suppose 3*l - 15 = o. What are the prime factors of l?
2, 3
Suppose -4*g - 3*f - 5 + 26 = 0, 3 = -3*f. Let y(s) = -s**2 + 7*s - 3. List the prime factors of y(g).
3
Let f be 12/(-10)*(-30)/9. Let y(j) = -j**3 - j**2 - 1. Let u(i) = -5*i**3 - 9*i**2 - 5*i - 7. Let b(g) = -u(g) + 6*y(g). List the prime factors of b(f).
5
Let x = 186 + -131. What are the prime factors of x?
5, 11
Suppose -4 = -2*f, -3*k = -6*k + 5*f - 22. List the prime factors of (2 - 0)*(-30)/k.
3, 5
Let z be (-2)/(-9) + 65/(-9). Let q = z - -29. Suppose -2*u + 4*i = -q, 3*i - 4*i = u - 17. What are the prime factors of u?
3, 5
Let d(o) be the first derivative of -o**4/4 + 7*o**3/3 - 3*o**2 + 2. What are the prime factors of d(5)?
2, 5
Suppose 4*w - 212 = -4*d - w, -2*d + w + 120 = 0. Let p = d - 39. What are the prime factors of p?
19
Let c(k) = -k**3 + 7*k**2 - 8*k + 3. Suppose 3*n + 5*g + 0 + 5 = 0, -n = -5*g - 25. List the prime factors of c(n).
13
Suppose 3*n - 5*p = 1, 6*p = -2*n + 4*p + 6. Let a be 1/1*(n - -1). Suppose -c + 11 = s, -a*s - 3 = -0*c - 3*c. List the prime factors of c.
2, 3
Let p be (-2)/11 - (-13)/11. Let z = -2 + p. List the prime factors of z/(2/(-12) - 0).
2, 3
Suppose 3*w - 9 = -4*s, 4 = -2*s + 5*s + 5*w. Suppose -1 = -s*y + 2. What a